*z + 69. What is the tens digit of z?
2
Suppose 6*q + i = 5*q + 2648, 3*q = 4*i + 7979. What is the units digit of q?
3
Suppose 4*a - 15288 = -2*r, -r = 118*a - 119*a + 3828. What is the hundreds digit of a?
8
Suppose 14*f = 15654 + 2826. Suppose 95*r - 99*r + f = 0. What is the hundreds digit of r?
3
Let s be (-189)/(-39) + (-4)/(-26). Suppose -114 = -y - 3*h, -y = y + s*h - 223. What is the tens digit of y?
9
Let x(u) = 3*u - 8 - 24 + 5. Let v be x(12). Let p = v + 10. What is the units digit of p?
9
Let c = 101 + -101. Suppose v = -4*y - 15, -12 = 5*v - y - c*y. What is the tens digit of (v - (2 + -4))*0 - -85?
8
Let u be (4 - 10)/(3/2)*-2. Suppose -139 = -u*o + 53. Let d = o - -53. What is the tens digit of d?
7
Suppose 0 = -299*l + 321*l - 437910. What is the thousands digit of l?
9
Suppose -8*f = -3*f - 3*o + 2916, 0 = -2*f + 4*o - 1172. Let v = f - -1186. What is the hundreds digit of v?
6
Let u(o) = -1128*o + 8634. What is the hundreds digit of u(6)?
8
Let x = -1328 - -21003. What is the ten thousands digit of x?
1
Let d(x) = 52504*x**3 - x**2 + 181*x - 181. What is the hundreds digit of d(1)?
5
Suppose -48*z + 147414 = -34*z + 2*w, 5*w = -z + 10515. What is the units digit of z?
0
Suppose 5*t + 9 = -2*h - h, -4*h + 2 = 2*t. Let g(d) = -27 - h + 18*d + 1 + 5. What is the units digit of g(5)?
7
Let m be 10/(-35)*-1 + 102/(-14). Let l be 2/28*-4 - 16/m. Suppose -l*n - 390 = -5*n. What is the tens digit of n?
3
Let s(c) = 5*c - 154. Let x be s(32). Let i = 439 + x. What is the tens digit of i?
4
Let o be -1 + 7/((-21)/(-30)). Let l(h) = h**3 - 4*h**2 - 28*h + 54. What is the tens digit of l(o)?
0
Suppose 4*k + k - 10 = 0. Suppose -v - 1 = 7*o - k*o, 2*v - 9 = o. What is the units digit of -58*(1 - (v + -2))?
8
Let i(f) = f**3 + f**2 - 18*f + 3. Let o be -29 - -21 - (24/3)/(-2). What is the tens digit of i(o)?
2
Let l = 155 - 153. What is the tens digit of ((-8)/(-4) - 6) + 82/l?
3
Let j(i) = 6*i + 11 - 7 - 4. Let g be j(-1). Let h = 110 + g. What is the units digit of h?
4
Let t(w) = 19*w + 7. Let q be t(11). Suppose 0 = -0*r - 4*r - q. What is the tens digit of (3 - 1)*1 - r?
5
Let f(v) = 31*v**3 + 7*v**2 - 47*v + 336. What is the thousands digit of f(11)?
1
Suppose -249 = -6*s - 63. Suppose -129 = -2*q + s. What is the units digit of q?
0
Let p(j) = j**3 + 2*j + 21. Let w(q) = q + 9. Let v be w(-9). Let z be p(v). Suppose -49 = -l + z. What is the tens digit of l?
7
Let p(w) = w**3 - 21*w**2 + 21*w + 17. Let t be p(20). Suppose 0 = 11*q - t - 29. What is the tens digit of (84/10)/(q/30 - 0)?
4
Let m = -68377 + 116380. What is the hundreds digit of m?
0
Let h(y) = y**3 - 2*y**2 + 4*y + 186. Let t = -65 - -65. What is the tens digit of h(t)?
8
Let r = -712 - 939. Let u = -1082 - r. What is the units digit of u?
9
Let f(c) = c**2 - 12*c - 70. Let y be f(17). Let x be 0/(3*(-10)/y). What is the tens digit of (x + 10/(-15))*-27?
1
Suppose 0 = u - 0*u, v - 10 = -u. Suppose 0 = 4*g - 34 - v. Suppose 3*m = g*m - 560. What is the units digit of m?
0
Let v be (1*-351)/((-63)/(-84)). Let m(t) = 716*t**3 + 2*t**2 + 2*t. Let s be m(-1). Let r = v - s. What is the hundreds digit of r?
2
Let f = 101873 - 70908. What is the tens digit of f?
6
Let k(j) = -106*j - 698. What is the thousands digit of k(-17)?
1
Let k be ((-173)/3)/((-6)/18). Let x = k + -314. Let n = -41 - x. What is the hundreds digit of n?
1
Suppose 5*a - 136 = -106. Let g be (4/(-6))/(a/189*3). What is the tens digit of (-378)/g - (-2 - 1)?
5
Suppose -23*m - 2*k + 2979 = -20*m, 0 = -3*m - k + 2979. Suppose 27*q = m + 681. What is the units digit of q?
2
Let r be (-3708)/42 - (-2)/7. Let k = 118 - 14. Let w = k + r. What is the tens digit of w?
1
Suppose 5*a + 5*t - 6*t = 321, 2*a = 5*t + 110. What is the units digit of 6 + -3 + (a - -6) + 3?
7
Let b(a) = 21*a + 9 - 13*a**2 + a**3 + 4*a + 16*a - 6*a - 6*a. What is the hundreds digit of b(14)?
6
Suppose -25*t = 25*t - 0*t - 206950. What is the thousands digit of t?
4
Suppose -j + 5*x - 13 = -0*x, 0 = 2*j + 4*x - 2. Let z be 3/(j/(-2 - -11)). What is the hundreds digit of 2 + -2 - 1386/z?
1
Suppose -2*y - 2 = f, -5*f + 6 + 29 = -5*y. What is the units digit of (-3 - 6237/(-28)) + 1/f?
0
Suppose 10*m - 3*m = 196. Let t be 70/m - ((-2)/4 + -1). Suppose t*n + n - 1105 = 0. What is the tens digit of n?
2
Suppose 2*b - 24 = 3*s, -2*s + 14*b = 9*b + 27. What is the tens digit of (2 + 10/s)*57/1?
1
Let c be 33*(2/4 + 7/42). Suppose -2*a = 2*o - c, -4*a + 4*o + 33 = -a. Suppose 15*r - a*r = 428. What is the hundreds digit of r?
1
Suppose 0 = 2*m + 2*q - 8062, 5*m + q + 0*q - 20143 = 0. Suppose 8*r - m - 1276 = 0. What is the units digit of r?
3
Let s(h) = 4*h**2 - 14*h - 74. Let d be (-235)/25 + (-3)/5. What is the tens digit of s(d)?
6
Let j(v) = 53*v - 1722. Let z(u) = -26*u + 861. Let n(r) = 4*j(r) + 9*z(r). What is the tens digit of n(0)?
6
Let w = -14113 + 25761. What is the tens digit of w?
4
What is the thousands digit of -1*(27/(-6) - -5)*-6994?
3
What is the thousands digit of 720/50*31140/54?
8
Let u = 45654 - 32344. What is the tens digit of u?
1
Suppose q = -5*a + 54718, -3*q + 7*q + 4*a - 218824 = 0. What is the ten thousands digit of q?
5
Suppose -495 = -4*m + 113. Suppose -4*o + 228 = 5*z, 4*o + 3*z = m + 68. What is the units digit of o?
2
Suppose 2*r - 13 = -5. Let t(o) = 26*o - 61*o - r + 26*o. What is the units digit of t(-1)?
5
Suppose -48 = -5*q - 2*v + 49, 0 = -4*q - 2*v + 76. Let w = q + -23. What is the tens digit of w/(-5) - 2142/(-70)?
3
Suppose -5*p = -11 + 6. Suppose 5 = -3*u - p. What is the tens digit of (-2)/u - (-67)/1?
6
Suppose -r = -k + 4, k + 3*r = 1 + 19. Let t be k/3 - -2 - (-10)/(-15). Suppose a - 3*a - t*m + 50 = 0, -4*a + 3*m = -89. What is the tens digit of a?
2
Suppose 25226*t = 25253*t - 468747. What is the thousands digit of t?
7
Let r(b) = 3*b**3 + 26*b**2 + 9*b - 96. What is the ten thousands digit of r(13)?
1
Let r(o) = -2*o - 5*o - 4 + 2 + o**2 + 12 + 8*o. What is the units digit of r(16)?
2
Let o = 1585 + -1584. Let m be 17/(-3) - 6/(-9). What is the tens digit of (-641)/m + o - (-2)/(-10)?
2
Suppose 4*r = 32 + 24. Suppose r = 3*v - 4*f, -5*f + 3*f = -2*v + 6. Let z(x) = -13*x**3 + 4*x**2 + 6*x. What is the tens digit of z(v)?
0
What is the ten thousands digit of 0 - (-11061 - 16 - -2)?
1
Let w = 57 - 49. Suppose 0 = -4*d + 5*c - w, -5*d - 1 = -4*c - 0. Suppose d*u + 88 = 526. What is the hundreds digit of u?
1
Let c(n) = -8*n**2 - n**3 + n**2 - 2 + 4 + 3*n**3. Suppose x + 3 = -3*z, -13 = -x + 2*z - 1. What is the tens digit of c(x)?
8
Let n(b) = 32*b - 254. Let a be n(8). Suppose 0 = a*h + 109 - 501. What is the hundreds digit of h?
1
Suppose -2324 = 9*f - 11*f. Suppose 5*k = -2*a + 2036, -3*a + f + 1892 = -4*k. What is the hundreds digit of a?
0
Let w be 4/(-8) + (-171)/2. Suppose 10*y + 24*y + 2992 = 0. Let k = w - y. What is the units digit of k?
2
Let x = -46 - -48. Suppose 4*w + 3*f = 4*f + 6067, -x*w = f - 3041. Suppose w = 5*s + 138. What is the units digit of s?
6
What is the hundreds digit of 76 + -79 + 1/((6/11858)/3)?
9
Let v = 9195 + -5601. What is the thousands digit of v?
3
Let r = 19777 + -359. What is the thousands digit of r?
9
Let s(d) = d + 5. Let i be s(7). Suppose 11*a - 2748 - 5348 = 0. Suppose -244 = i*c - a. What is the units digit of c?
1
Let c(z) = 65*z + 1454. What is the hundreds digit of c(58)?
2
Let b = 581 - 131. Let z = b - 283. What is the units digit of z?
7
Let q(t) = -t**3 - 5*t**2 + 5*t - 4. Let y be q(-6). Suppose 5*m + 10 = 0, -5*u = -0*u + y*m - 56. Suppose 10*i + 50 = u*i. What is the units digit of i?
5
Suppose 0 = -127*t + 124*t + 5*d + 9918, -d + 3 = 0. What is the hundreds digit of t?
3
Let o(z) = -z**2 - 1. Let d(x) = -x**2 - 61*x + 68. Let j(p) = d(p) - 3*o(p). What is the tens digit of j(32)?
6
Let m(y) = -7*y**3 + 27*y**2 + 60*y + 21. What is the thousands digit of m(-19)?
6
Let a = -42 - -45. Let w be (-3 + 28/a)*3. Let s = w - 5. What is the units digit of s?
4
Let f = -30 - -73. Let b = 28 - f. What is the units digit of b*(-3)/(-6)*-8?
0
Let l(x) be the third derivative of 10*x**2 + 1/6*x**3 + 139/24*x**4 + 0*x + 0. What is the hundreds digit of l(1)?
1
Suppose -x = 4*f - 63, -19*f + 51 = -16*f - 3*x. Suppose h + a - 957 = 0, -h + 14*a + 95